 1202. Let o = 31 - -21. What is the highest common divisor of q and o?
26
Suppose 2*i + 50 = 3*y, 2*i - 21 = -2*y - 51. Let v = 32 + i. What is the highest common divisor of 52 and v?
13
Let l be (-239 - -229)/(4/(-414)). What is the greatest common factor of 45 and l?
45
Let m be 2 + ((-12)/(-10))/((-8)/(-100)). Suppose 8*q = 9*q + 153. Let o = -85 - q. What is the highest common divisor of o and m?
17
Suppose 9*x = 25 + 2450. Suppose 4*j = -2*h + 198, -5*j - 13*h = -16*h - 253. Calculate the greatest common factor of x and j.
25
Let t(l) = 6*l**2 + 17*l + 29. Let f be t(-13). Suppose 5*q + 3*p = f, 4*q - 335 = -2*p + 323. Calculate the greatest common factor of q and 66.
33
Let g be (-6)/2*(26 + (-18 - 13)). Let w(v) = -616*v - 1. Let q be w(-1). Calculate the greatest common divisor of q and g.
15
Suppose -2*g - 2*g = -16. Let j(a) = -a**2 - 2*a + 12. Let h be j(-11). Let c be (1 - h/(-15))*(-30)/9. Calculate the highest common divisor of c and g.
4
Let m = -321 - -330. Let b(a) = 10*a + 18. Let n be b(m). Suppose 3*d = 5*d - 24. What is the greatest common divisor of n and d?
12
Let w(y) = 15*y**2 + 15 - 37*y**2 + 21*y**2 + 2*y. Let j be w(-3). Suppose 3*k - 4*c = 38, 28 = 2*k - j*c - 4*c. What is the greatest common factor of k and 5?
5
Suppose -5*y + 2*r = -10760, y + r = -3*r + 2130. What is the highest common factor of y and 86?
86
Let t be 5 + -7 - (-7)/((-28)/(-12)). Let k be -6 + t + (-12)/(-9)*195. What is the greatest common divisor of 15 and k?
15
Let s = -135 - -192. Suppose 33*a + s = 255. Suppose 3*p = -g + 47, 3*g = -2*p - 2*g + 40. Calculate the highest common divisor of p and a.
3
Suppose 5*o = 4*f - 33 - 30, -113 = -4*f - 5*o. Let g = f + 50. Let k(l) = -l + 19. Let u be k(13). What is the greatest common factor of g and u?
6
Let w = -4144 - -5224. Calculate the greatest common factor of 40 and w.
40
Let k(x) = -3*x - 69. Let o be k(-24). Suppose -3*p + 5 = -2*q - 8*p, -3*q + o*p = -45. Calculate the highest common factor of 50 and q.
10
Suppose -2 = -5*t + 18. Suppose t*q - 804 = -g, 4*q + 8*g - 804 = 6*g. Calculate the highest common factor of q and 3.
3
Suppose -112*u + 8591 + 22769 = 0. Calculate the highest common factor of 2835 and u.
35
Let j = -54 - -56. Let x be (-6)/21 - (j - (-32)/(-14)). Suppose 0 = 5*l - a - 77, -3*a + x*a = -9. Calculate the highest common factor of l and 112.
16
Suppose m = 5*w - 2*m - 41, 2*w = -2*m + 26. Suppose 13*f = 12*f - 8. Let l = 17 - f. What is the greatest common factor of l and w?
5
Suppose -144 = -13*q + q. Let g be (-11 + q)/((-2)/((-40)/(-2))). Let z be ((-36)/(-20))/(-3)*g. What is the highest common factor of 6 and z?
6
Suppose 0 = 5*v + 2*v - 49. Suppose 0 = -v*c + 17 + 18. Suppose 0 = -4*u + c + 15. Calculate the highest common divisor of 55 and u.
5
Let k be (4/12)/((-17)/(-9) - 2). Let r be (6 - 4/6)/(k/(-531)). Calculate the greatest common factor of r and 59.
59
Let b be (-46 - -79)/((-1)/(-11)). Let u = 727 - b. What is the highest common factor of 28 and u?
28
Let t(r) = r**3 - 10*r**2 + 10*r - 8. Let f be t(9). Let x be 2/(-16)*-191 + f/8. Suppose 26*w = x*w + 6. What is the highest common divisor of w and 1?
1
Let s(j) = j - j - 3*j**2 + 4*j**2 - 3. Let t be s(-16). Suppose 6*a + 107 = 4*b + a, -5*a = 5*b - 100. Calculate the greatest common divisor of b and t.
23
Let p = 498 + -346. Suppose 615 = -51*m + 2247. Calculate the greatest common factor of p and m.
8
Let m(g) = 7*g**2 - 8*g + 17. Let i be m(7). Let b be -6 + (43 - (7 + -8)). Calculate the highest common divisor of b and i.
38
Let w(t) = -t**2 + 14. Let k be w(-4). Let u be ((-25)/15)/(k/6)*17. Let y = -23 + 40. Calculate the greatest common divisor of y and u.
17
Let z = 84 + -84. Let u be (-4)/(-4)*(0 + -2 + z). Let n be (-1)/(u/4) - (-18 + 2). Calculate the greatest common factor of 162 and n.
18
Suppose 35*p - 847 - 193 = 30*p. Calculate the greatest common divisor of 2106 and p.
26
Let d = -1049 - -561. Let u = d - -544. Calculate the highest common divisor of 168 and u.
56
Let z = -3886 - -4002. What is the highest common factor of 928 and z?
116
Let g be ((-1275)/40)/(6 - 490/80). Suppose j - 90 = 3*p, 5*j + 0*j - 518 = -2*p. What is the highest common factor of j and g?
51
Let j be (5 - 0)*16/40. Suppose j*w + 46 = 174. What is the highest common divisor of w and 96?
32
Let f(g) = -174*g + 4. Let a = -21 + 24. Let d be f(a). Let b = -221 - d. What is the greatest common divisor of b and 27?
27
Let n = 820 - 489. Suppose 341 = 28*t - n. What is the highest common factor of t and 18?
6
Suppose 174*p = 163*p + 242. Suppose 0 = -26*c + p*c + 120. What is the greatest common divisor of c and 45?
15
Suppose 0 = -3*z + 4*u + 196, 4*z = u + 126 + 157. Suppose 5*h - 105 - 107 = -3*w, 2*h - z = 2*w. Calculate the greatest common divisor of 24 and h.
8
Let l(w) = -w**2 - 17*w - 13. Let v be l(-6). Let q = 65 - v. Calculate the greatest common divisor of q and 228.
12
Let m(h) = h**2 - 8*h + 0*h - 2*h**2 + 4*h. Let k be m(-3). Suppose -c + 2*c - 12 = 2*g, -2*c - k*g + 17 = 0. What is the highest common divisor of c and 110?
10
Let c = -2878 - -2910. Suppose 0 - 150 = -5*k - 5*v, 4*k - 136 = 4*v. Calculate the greatest common factor of k and c.
32
Let r = -39511 + 40359. What is the greatest common factor of 256 and r?
16
Let h = -5744 - -6356. Let d(z) = 74*z**2 + z - 1. Let y be d(-1). What is the greatest common divisor of y and h?
36
Suppose 2*q - d - 6355 = 7*q, -2*q - 2542 = 5*d. Let y be (-3)/4 + q/(-164) + 1. What is the greatest common divisor of y and 4?
4
Let x(l) = 20*l + l**2 - 44*l - 10 + 0 + 29*l. Let f be x(-7). Suppose f*o - 48 = 52. What is the highest common factor of o and 25?
25
Suppose 2*f + 29*k - 7313 = 26*k, 0 = 3*f + 3*k - 10971. Calculate the highest common divisor of 62 and f.
62
Let q be (5/2)/(9/540). Let p(g) = 2*g**2 - 44*g + 142. Let i be p(21). Calculate the greatest common factor of i and q.
50
Let k(u) = -119*u - 575. Let j be k(-5). What is the highest common divisor of 2820 and j?
20
Let i(l) = -2*l**3 + 52*l**2 + 4*l + 538. Let b be i(25). Calculate the greatest common divisor of b and 118.
118
Suppose 0 = -4*p + 10 + 62. Suppose -4*o + 15*o - 297 = 0. Suppose w - f = -6 + 33, 0 = -w - f + o. Calculate the greatest common divisor of p and w.
9
Suppose -7*l + 6*l = 3*b - 41, 2*b = -5*l + 179. Calculate the greatest common factor of 80 and l.
5
Suppose 5*r + 2*s = 9*r - 14, -4 = -r + s. Suppose v - 4 = 10. Let x be r/6 - (-385)/v. What is the greatest common factor of x and 84?
28
Let z = 25291 - 24958. Calculate the highest common factor of 405 and z.
9
Let x = -62 - -237. Suppose -2*c = -c - 3. Suppose c*m = 2*y + 146 - 49, -4*m = -4*y - 124. Calculate the greatest common divisor of x and m.
35
Let c(f) = 62*f + 2694. Let l be c(-42). Suppose 0*j + 16 = -2*j. Let n(h) = -4*h + 4. Let i be n(j). Calculate the highest common divisor of i and l.
18
Let v(t) = 4*t**3 - 6*t + 8. Let i = -90 + 99. Suppose -i*r = -7*r - 8. Let p be v(r). What is the highest common divisor of 20 and p?
20
Let j(n) = 8*n**2 - 4*n - 3. Let g be j(-8). Let x = 566 - g. Calculate the greatest common factor of x and 5.
5
Suppose -25*c = -6*n - 24*c + 28, 20 = 2*n + 5*c. Calculate the greatest common divisor of n and 4130.
5
Suppose -4*g = -2*v + 230, -4*v + 3*g = -2*g - 439. Calculate the highest common divisor of v and 17069.
101
Suppose 3*q + 1 = -2*y + 7, 33 = 5*y + 3*q. Suppose y*x - 48 = x. Let m be (-3)/(-12)*112/x*3. Calculate the greatest common divisor of m and 84.
14
Suppose 233*z + 476 = 20514. Calculate the highest common factor of z and 645.
43
Let x(d) = -d**2 - 44*d - 116. Let w be x(-33). Suppose k = -2*z + 119, -7*z + 3*z - 5*k + w = 0. What is the greatest common divisor of z and 29?
29
Let z = -4379 - -4449. What is the greatest common divisor of z and 105?
35
Let a = 336 + -273. Suppose 2*z + 16*p - 83 = 15*p, -1 = p. Calculate the highest common divisor of z and a.
21
Let s be (-1057)/(-119) + -9 - 38628/(-34). Let d = s - 667. Calculate the highest common divisor of d and 67.
67
Suppose -2 = x, 7*d = 6*d - x + 73. Suppose 0 = 9*i - d + 12. Suppose 5*y - 5*m - 13 = 137, y - 32 = 2*m. What is the highest common factor of y and i?
7
Suppose 7*j - 4326 = 8274. Suppose -13*h + h